{"id":58,"date":"2024-03-27T10:26:50","date_gmt":"2024-03-27T10:26:50","guid":{"rendered":"https:\/\/www.girocollo-cashmere.it\/?page_id=58"},"modified":"2024-05-24T12:35:34","modified_gmt":"2024-05-24T12:35:34","slug":"cura-del-cashmere","status":"publish","type":"page","link":"https:\/\/www.girocollo-cashmere.it\/index.php\/cura-del-cashmere\/","title":{"rendered":"Cura dei Capi"},"content":{"rendered":"\n<div style=\"height:28px\" aria-hidden=\"true\" class=\"wp-block-spacer\"><\/div>\n\n\n\n<hr class=\"wp-block-separator has-text-color has-accent-color has-alpha-channel-opacity has-accent-background-color has-background is-style-dots\" style=\"margin-top:var(--wp--preset--spacing--20);margin-bottom:var(--wp--preset--spacing--20)\"\/>\n\n\n\n<h2 class=\"wp-block-heading is-style-default\"><strong>IL CASHMERE AMA L&#8217;ACQUA!<\/strong><\/h2>\n\n\n\n<div class=\"wp-block-columns is-layout-flex wp-container-core-columns-is-layout-28f84493 wp-block-columns-is-layout-flex\">\n<div class=\"wp-block-column has-global-padding is-content-justification-center is-layout-constrained wp-block-column-is-layout-constrained\" style=\"flex-basis:24.5%\">\n<figure class=\"wp-block-image size-full is-resized\"><img fetchpriority=\"high\" decoding=\"async\" width=\"474\" height=\"514\" src=\"https:\/\/www.girocollo-cashmere.it\/wp-content\/uploads\/2024\/03\/Schermata-2024-03-19-alle-11.28.29.png\" alt=\"\" class=\"wp-image-61\" style=\"width:150px;height:auto\" srcset=\"https:\/\/www.girocollo-cashmere.it\/wp-content\/uploads\/2024\/03\/Schermata-2024-03-19-alle-11.28.29.png 474w, https:\/\/www.girocollo-cashmere.it\/wp-content\/uploads\/2024\/03\/Schermata-2024-03-19-alle-11.28.29-277x300.png 277w\" sizes=\"(max-width: 474px) 100vw, 474px\" \/><\/figure>\n<\/div>\n\n\n\n<div class=\"wp-block-column is-vertically-aligned-center is-layout-flow wp-block-column-is-layout-flow\" style=\"flex-basis:66.66%\">\n<p class=\"has-text-align-left has-x-large-font-size\" style=\"margin-top:0;margin-bottom:0;padding-bottom:0\">LAVAGGIO<\/p>\n\n\n\n<p class=\"has-text-align-left has-x-large-font-size\" style=\"margin-top:0;margin-right:0;margin-bottom:0;margin-left:0;padding-top:0;padding-right:0;padding-bottom:0;padding-left:0\"><strong>A MANO<\/strong><\/p>\n<\/div>\n<\/div>\n\n\n\n<ul class=\"wp-block-list\">\n<li class=\"has-medium-font-size\">Immergi in acqua tiepida con un&nbsp;<strong>detergente delicato<\/strong>&nbsp;di qualit\u00e0 e lasciali&nbsp;<strong>in ammollo<\/strong>&nbsp;per circa 10-15 minuti.<\/li>\n\n\n\n<li class=\"has-medium-font-size\">\u201cMassaggia&#8221;&nbsp;<strong>senza torcerlo ne sfregarlo<\/strong>.<\/li>\n\n\n\n<li class=\"has-medium-font-size\">Risciacqua con&nbsp;<strong>acqua tiepida e pulita.<\/strong>&nbsp;&nbsp;<\/li>\n<\/ul>\n\n\n\n<div style=\"height:28px\" aria-hidden=\"true\" class=\"wp-block-spacer\"><\/div>\n\n\n\n<div class=\"wp-block-columns is-layout-flex wp-container-core-columns-is-layout-28f84493 wp-block-columns-is-layout-flex\">\n<div class=\"wp-block-column is-layout-flow wp-block-column-is-layout-flow\" style=\"flex-basis:24.5%\">\n<figure class=\"wp-block-image size-full is-resized\"><img decoding=\"async\" width=\"474\" height=\"514\" src=\"https:\/\/www.girocollo-cashmere.it\/wp-content\/uploads\/2024\/03\/Schermata-2024-03-19-alle-11.28.52.png\" alt=\"\" class=\"wp-image-62\" style=\"width:150px;height:auto\" srcset=\"https:\/\/www.girocollo-cashmere.it\/wp-content\/uploads\/2024\/03\/Schermata-2024-03-19-alle-11.28.52.png 474w, https:\/\/www.girocollo-cashmere.it\/wp-content\/uploads\/2024\/03\/Schermata-2024-03-19-alle-11.28.52-277x300.png 277w\" sizes=\"(max-width: 474px) 100vw, 474px\" \/><\/figure>\n<\/div>\n\n\n\n<div class=\"wp-block-column is-vertically-aligned-center is-layout-flow wp-block-column-is-layout-flow\" style=\"flex-basis:66.66%\">\n<p class=\"has-text-align-left has-x-large-font-size\" style=\"margin-top:0;margin-bottom:0;padding-bottom:0\">LAVAGGIO<\/p>\n\n\n\n<p class=\"has-text-align-left has-x-large-font-size\" style=\"margin-top:0;margin-right:0;margin-bottom:0;margin-left:0;padding-top:0;padding-right:0;padding-bottom:0;padding-left:0\"><strong>IN LAVATRICE<\/strong><\/p>\n\n\n\n<p style=\"margin-top:0\">(Solo con lavatrice di ultima generazione)<\/p>\n<\/div>\n<\/div>\n\n\n\n<ul class=\"wp-block-list\">\n<li class=\"has-medium-font-size\"><strong>Lava con programma delicato per capi di lana a 30\u00b0.<\/strong><\/li>\n\n\n\n<li class=\"has-medium-font-size\">Meno di 30\u00b0 le particelle di sporco non si dissolvono.&nbsp;<\/li>\n\n\n\n<li class=\"has-medium-font-size\">Pi\u00f9 di 30\u00b0 la fibra rischia di infeltrirsi.&nbsp;<\/li>\n<\/ul>\n\n\n\n<div style=\"height:28px\" aria-hidden=\"true\" class=\"wp-block-spacer\"><\/div>\n\n\n\n<h2 class=\"wp-block-heading\"><strong>DOPO<\/strong><\/h2>\n\n\n\n<h2 class=\"wp-block-heading\" style=\"margin-top:0;margin-bottom:0;padding-top:0;padding-bottom:0;text-transform:none\">IL LAVAGGIO<\/h2>\n\n\n\n<div class=\"wp-block-columns is-layout-flex wp-container-core-columns-is-layout-28f84493 wp-block-columns-is-layout-flex\">\n<div class=\"wp-block-column is-layout-flow wp-block-column-is-layout-flow\" style=\"flex-basis:24.5%\">\n<figure class=\"wp-block-image size-full is-resized\"><img decoding=\"async\" width=\"474\" height=\"514\" src=\"https:\/\/www.girocollo-cashmere.it\/wp-content\/uploads\/2024\/03\/Schermata-2024-03-19-alle-11.30.36.png\" alt=\"\" class=\"wp-image-63\" style=\"width:150px;height:auto\" srcset=\"https:\/\/www.girocollo-cashmere.it\/wp-content\/uploads\/2024\/03\/Schermata-2024-03-19-alle-11.30.36.png 474w, https:\/\/www.girocollo-cashmere.it\/wp-content\/uploads\/2024\/03\/Schermata-2024-03-19-alle-11.30.36-277x300.png 277w\" sizes=\"(max-width: 474px) 100vw, 474px\" \/><\/figure>\n<\/div>\n\n\n\n<div class=\"wp-block-column is-vertically-aligned-center is-layout-flow wp-block-column-is-layout-flow\" style=\"flex-basis:66.66%\">\n<p class=\"has-medium-font-size\" style=\"margin-top:0\"><strong>Centrifuga<\/strong> in lavatrice <strong>a 600\/800 giri.<\/strong><\/p>\n<\/div>\n<\/div>\n\n\n\n<div class=\"wp-block-columns is-layout-flex wp-container-core-columns-is-layout-28f84493 wp-block-columns-is-layout-flex\">\n<div class=\"wp-block-column is-layout-flow wp-block-column-is-layout-flow\" style=\"flex-basis:24.5%\">\n<figure class=\"wp-block-image size-full is-resized\"><img loading=\"lazy\" decoding=\"async\" width=\"474\" height=\"514\" src=\"https:\/\/www.girocollo-cashmere.it\/wp-content\/uploads\/2024\/03\/Schermata-2024-03-19-alle-11.34.29.png\" alt=\"\" class=\"wp-image-64\" style=\"width:150px;height:auto\" srcset=\"https:\/\/www.girocollo-cashmere.it\/wp-content\/uploads\/2024\/03\/Schermata-2024-03-19-alle-11.34.29.png 474w, https:\/\/www.girocollo-cashmere.it\/wp-content\/uploads\/2024\/03\/Schermata-2024-03-19-alle-11.34.29-277x300.png 277w\" sizes=\"(max-width: 474px) 100vw, 474px\" \/><\/figure>\n<\/div>\n\n\n\n<div class=\"wp-block-column is-vertically-aligned-center is-layout-flow wp-block-column-is-layout-flow\" style=\"flex-basis:66.66%\">\n<p class=\"has-medium-font-size\" style=\"margin-top:0\"><strong>Asciuga steso in piano<\/strong>,<\/p>\n\n\n\n<p class=\"has-medium-font-size\" style=\"margin-top:0\">perch\u00e8 appeso tende ad allungarsi.<\/p>\n<\/div>\n<\/div>\n\n\n\n<div style=\"height:28px\" aria-hidden=\"true\" class=\"wp-block-spacer\"><\/div>\n\n\n\n<div class=\"wp-block-columns is-layout-flex wp-container-core-columns-is-layout-28f84493 wp-block-columns-is-layout-flex\">\n<div class=\"wp-block-column is-layout-flow wp-block-column-is-layout-flow\" style=\"flex-basis:24.5%\">\n<figure class=\"wp-block-image size-full is-resized\"><img loading=\"lazy\" decoding=\"async\" width=\"474\" height=\"514\" src=\"https:\/\/www.girocollo-cashmere.it\/wp-content\/uploads\/2024\/03\/Schermata-2024-03-19-alle-11.34.37.png\" alt=\"\" class=\"wp-image-65\" style=\"width:150px;height:auto\" srcset=\"https:\/\/www.girocollo-cashmere.it\/wp-content\/uploads\/2024\/03\/Schermata-2024-03-19-alle-11.34.37.png 474w, https:\/\/www.girocollo-cashmere.it\/wp-content\/uploads\/2024\/03\/Schermata-2024-03-19-alle-11.34.37-277x300.png 277w\" sizes=\"(max-width: 474px) 100vw, 474px\" \/><\/figure>\n<\/div>\n\n\n\n<div class=\"wp-block-column is-vertically-aligned-center is-layout-flow wp-block-column-is-layout-flow\" style=\"flex-basis:66.66%\">\n<p class=\"has-text-align-left has-x-large-font-size\" style=\"margin-top:0;margin-right:0;margin-bottom:0;margin-left:0;padding-top:0;padding-right:0;padding-bottom:0;padding-left:0\"><strong>SUGGERIMENTI<\/strong><\/p>\n<\/div>\n<\/div>\n\n\n\n<ul class=\"wp-block-list\">\n<li><strong>Non lavarlo ogni volta che lo indossi!<\/strong><\/li>\n\n\n\n<li>Dopo una giornata di uso lascialo all&#8217;aria aperta.<\/li>\n<\/ul>\n\n\n\n<div style=\"height:28px\" aria-hidden=\"true\" class=\"wp-block-spacer\"><\/div>\n\n\n\n<h2 class=\"wp-block-heading\"><strong>CAMBIO<\/strong><\/h2>\n\n\n\n<h2 class=\"wp-block-heading\" style=\"margin-top:0;margin-bottom:0\"><strong>DI STAGIONE<\/strong><\/h2>\n\n\n\n<div class=\"wp-block-columns is-layout-flex wp-container-core-columns-is-layout-28f84493 wp-block-columns-is-layout-flex\">\n<div class=\"wp-block-column is-layout-flow wp-block-column-is-layout-flow\" style=\"flex-basis:24.5%\">\n<figure class=\"wp-block-image size-full is-resized\"><img loading=\"lazy\" decoding=\"async\" width=\"474\" height=\"514\" src=\"https:\/\/www.girocollo-cashmere.it\/wp-content\/uploads\/2024\/03\/Schermata-2024-03-19-alle-11.35.20.png\" alt=\"\" class=\"wp-image-66\" style=\"width:150px;height:auto\" srcset=\"https:\/\/www.girocollo-cashmere.it\/wp-content\/uploads\/2024\/03\/Schermata-2024-03-19-alle-11.35.20.png 474w, https:\/\/www.girocollo-cashmere.it\/wp-content\/uploads\/2024\/03\/Schermata-2024-03-19-alle-11.35.20-277x300.png 277w\" sizes=\"(max-width: 474px) 100vw, 474px\" \/><\/figure>\n<\/div>\n\n\n\n<div class=\"wp-block-column is-vertically-aligned-center is-layout-flow wp-block-column-is-layout-flow\" style=\"flex-basis:66.66%\">\n<p class=\"has-medium-font-size\" style=\"margin-top:0\"><strong>Conserva<\/strong> il filo di scorta.<\/p>\n<\/div>\n<\/div>\n\n\n\n<div class=\"wp-block-columns is-layout-flex wp-container-core-columns-is-layout-28f84493 wp-block-columns-is-layout-flex\">\n<div class=\"wp-block-column is-layout-flow wp-block-column-is-layout-flow\" style=\"flex-basis:24.5%\">\n<figure class=\"wp-block-image size-full is-resized\"><img loading=\"lazy\" decoding=\"async\" width=\"474\" height=\"514\" src=\"https:\/\/www.girocollo-cashmere.it\/wp-content\/uploads\/2024\/03\/Schermata-2024-03-19-alle-11.36.13.png\" alt=\"\" class=\"wp-image-67\" style=\"width:150px;height:auto\" srcset=\"https:\/\/www.girocollo-cashmere.it\/wp-content\/uploads\/2024\/03\/Schermata-2024-03-19-alle-11.36.13.png 474w, https:\/\/www.girocollo-cashmere.it\/wp-content\/uploads\/2024\/03\/Schermata-2024-03-19-alle-11.36.13-277x300.png 277w\" sizes=\"(max-width: 474px) 100vw, 474px\" \/><\/figure>\n<\/div>\n\n\n\n<div class=\"wp-block-column is-vertically-aligned-center is-layout-flow wp-block-column-is-layout-flow\" style=\"flex-basis:66.66%\">\n<p class=\"has-medium-font-size\" style=\"margin-top:0\"><strong>Custodisci<\/strong> i tuoi capi in sacchetti ermetici.<\/p>\n<\/div>\n<\/div>\n\n\n\n<div class=\"wp-block-columns is-layout-flex wp-container-core-columns-is-layout-28f84493 wp-block-columns-is-layout-flex\">\n<div class=\"wp-block-column is-layout-flow wp-block-column-is-layout-flow\" style=\"flex-basis:24.5%\">\n<figure class=\"wp-block-image size-full is-resized\"><img loading=\"lazy\" decoding=\"async\" width=\"474\" height=\"514\" src=\"https:\/\/www.girocollo-cashmere.it\/wp-content\/uploads\/2024\/03\/Schermata-2024-03-19-alle-11.37.09.png\" alt=\"\" class=\"wp-image-68\" style=\"width:150px;height:auto\" srcset=\"https:\/\/www.girocollo-cashmere.it\/wp-content\/uploads\/2024\/03\/Schermata-2024-03-19-alle-11.37.09.png 474w, https:\/\/www.girocollo-cashmere.it\/wp-content\/uploads\/2024\/03\/Schermata-2024-03-19-alle-11.37.09-277x300.png 277w\" sizes=\"(max-width: 474px) 100vw, 474px\" \/><\/figure>\n<\/div>\n\n\n\n<div class=\"wp-block-column is-vertically-aligned-center is-layout-flow wp-block-column-is-layout-flow\" style=\"flex-basis:66.66%\">\n<p class=\"has-medium-font-size\" style=\"margin-top:0\"><strong>Utilizza<\/strong> regolarmente un prodotto antitarme.<\/p>\n<\/div>\n<\/div>\n\n\n\n<div style=\"height:28px\" aria-hidden=\"true\" class=\"wp-block-spacer\"><\/div>\n\n\n\n<hr class=\"wp-block-separator has-text-color has-accent-color has-alpha-channel-opacity has-accent-background-color has-background is-style-dots\" style=\"margin-top:var(--wp--preset--spacing--20);margin-bottom:var(--wp--preset--spacing--20)\"\/>\n\n\n\n<p style=\"font-size:clamp(0.984rem, 0.984rem + ((1vw - 0.2rem) * 0.86), 1.5rem);\">AVVERTENZE<\/p>\n\n\n\n<h2 class=\"wp-block-heading\">FENOMENO<\/h2>\n\n\n\n<h2 class=\"wp-block-heading\" style=\"margin-top:0;margin-bottom:0\"><strong>PILLING<\/strong><\/h2>\n\n\n\n<p class=\"has-medium-font-size\"><strong>NELLE PRIME FASI DI UTILIZZO DI UN CAPO IN PURO CASHMERE SI PU\u00d2 MANIFESTARE UN ESUBERO SUPERFICIALE DI FIBRA CHIAMATO COMUNEMENTE \u201cPILLING\u201d.&nbsp;<\/strong><\/p>\n\n\n\n<p>Il pilling \u00e8 quel particolare processo che conduce alla formazione di piccoli pallini irregolari di fibre chiamati \u201cpills\u201d.&nbsp;<\/p>\n\n\n\n<p>Questi pallini si formano a causa di meccanismi di sfregamento o attrito, e&nbsp;<strong>non sono da considerarsi un segno di minore qualit\u00e0 del cashmere<\/strong>, ma una naturale conseguenza dell\u2019utilizzo.&nbsp;<\/p>\n\n\n\n<p>Dopo due o tre lavaggi ad acqua la peluria in eccesso si disperder\u00e0 per lasciare posto al \u201ccuore\u201d della fibra.&nbsp;<\/p>\n\n\n\n<div class=\"wp-block-columns is-layout-flex wp-container-core-columns-is-layout-28f84493 wp-block-columns-is-layout-flex\">\n<div class=\"wp-block-column is-layout-flow wp-block-column-is-layout-flow\" style=\"flex-basis:24.5%\">\n<figure class=\"wp-block-image size-full is-resized\"><img loading=\"lazy\" decoding=\"async\" width=\"474\" height=\"514\" src=\"https:\/\/www.girocollo-cashmere.it\/wp-content\/uploads\/2024\/03\/Schermata-2024-03-19-alle-11.43.41.png\" alt=\"\" class=\"wp-image-69\" style=\"width:150px;height:auto\" srcset=\"https:\/\/www.girocollo-cashmere.it\/wp-content\/uploads\/2024\/03\/Schermata-2024-03-19-alle-11.43.41.png 474w, https:\/\/www.girocollo-cashmere.it\/wp-content\/uploads\/2024\/03\/Schermata-2024-03-19-alle-11.43.41-277x300.png 277w\" sizes=\"(max-width: 474px) 100vw, 474px\" \/><\/figure>\n<\/div>\n\n\n\n<div class=\"wp-block-column is-vertically-aligned-center is-layout-flow wp-block-column-is-layout-flow\" style=\"flex-basis:70%\">\n<p class=\"has-medium-font-size\" style=\"margin-top:0\">Utilizza l&#8217;apposito pettinino,<\/p>\n\n\n\n<p class=\"has-medium-font-size\" style=\"margin-top:0\"><strong>spazzolando delicatamente<\/strong> nei punti di sfregamento, <\/p>\n\n\n\n<p class=\"has-medium-font-size\" style=\"margin-top:0\">asportando la fibra in eccesso.<\/p>\n<\/div>\n<\/div>\n\n\n\n<div style=\"height:28px\" aria-hidden=\"true\" class=\"wp-block-spacer\"><\/div>\n\n\n\n<hr class=\"wp-block-separator has-text-color has-accent-color has-alpha-channel-opacity has-accent-background-color has-background is-style-dots\" style=\"margin-top:var(--wp--preset--spacing--20);margin-bottom:var(--wp--preset--spacing--20)\"\/>\n\n\n\n<h2 class=\"wp-block-heading\"><strong>PERCHE&#8217;<\/strong> IL CASHMERE<\/h2>\n\n\n\n<h2 class=\"wp-block-heading\" style=\"margin-top:0;margin-bottom:0\">E&#8217; COSI&#8217; PREZIOSO?<\/h2>\n\n\n\n<p><strong>Il cashmere \u00e8 una fibra tessile naturale, ottenuta dal sottovello&nbsp;della capra hyrcus, originaria delle regioni montuose dell\u2019Asia.<\/strong><\/p>\n\n\n\n<p>Il nome deriva da Kashmir, il territorio indo-cino-pakistano&nbsp;dove gli europei conobbero per la prima volta questa fibra; si tratta di una regione montagnosa, dove le capre da cashmere trovano il proprio habitat nei gelidi altipiani sopra i 1000 metri di altitudine.<\/p>\n\n\n\n<p><strong>Attualmente le migliori capre da cashmere vengono allevate nel deserto del gobi, tra la mongolia e la mongolia interna cinese<\/strong>&nbsp;e costituiscono la principale attivit\u00e0 economia delle popolazioni locali.<\/p>\n\n\n\n<p>Le forti escursioni termiche dei territori di origine, hanno indotto&nbsp;<strong>nell\u2019animale lo sviluppo di una forma di adattamento caratterizzata dalla fitta peluria, capace di proteggere la capra sia dalle basse&nbsp;che dalle alte temperature<\/strong>&nbsp;rendendo&nbsp;<strong>la fibra 10 volte pi\u00f9 calda&nbsp;e leggera della lana di pecora!<\/strong><\/p>\n\n\n\n<p><strong>Per raccoglierla si esegue una pettinatura manuale e non aggressiva&nbsp;del mantello durante la stagione della muta<\/strong>, che avviene&nbsp;<strong>in primavera<\/strong>. Per quanto riguarda&nbsp;<strong>il pelo di migliore qualit\u00e0<\/strong>, il duvet,&nbsp;<strong>la produzione annua si aggira in media tra 300 e i 400 grammi per ogni animale adulto<\/strong>&nbsp;(nello stesso periodo una pecora merino o un alpaca adulti forniscono intorno ai 5kg di lana).<\/p>\n\n\n\n<p>L&#8217;alta qualit\u00e0 del cashmere \u00e8 dovuta alla purezza del filato e alla sezione della fibra (tra i 14 e 18 micron)&nbsp;<strong>pi\u00f9 \u00e8 lunga e sottile la fibra tanto pi\u00f9 pregiato sar\u00e0 il cashmere che si ottiene!<\/strong><\/p>\n\n\n\n<p>Una maglia in cashmere di buona qualit\u00e0, non pu\u00f2 costare poco, un capo in cashmere a basso costo nasconde una scarsa qualit\u00e0 del filato e la presenza di fibre impure.<\/p>\n\n\n\n<hr class=\"wp-block-separator has-text-color has-accent-color has-alpha-channel-opacity has-accent-background-color has-background is-style-dots\" style=\"margin-top:var(--wp--preset--spacing--20);margin-bottom:var(--wp--preset--spacing--20)\"\/>\n","protected":false},"excerpt":{"rendered":"<p>IL CASHMERE AMA L&#8217;ACQUA! LAVAGGIO A MANO LAVAGGIO IN LAVATRICE (Solo con lavatrice di ultima generazione) DOPO IL LAVAGGIO Centrifuga in lavatrice a 600\/800 giri. Asciuga steso in piano, perch\u00e8 appeso tende ad allungarsi. SUGGERIMENTI CAMBIO DI STAGIONE Conserva il filo di scorta. Custodisci i tuoi capi in sacchetti ermetici. Utilizza regolarmente un prodotto antitarme. [&hellip;]<\/p>\n","protected":false},"author":1,"featured_media":0,"parent":0,"menu_order":0,"comment_status":"closed","ping_status":"closed","template":"page-no-title","meta":{"footnotes":""},"class_list":["post-58","page","type-page","status-publish","hentry"],"_links":{"self":[{"href":"https:\/\/www.girocollo-cashmere.it\/index.php\/wp-json\/wp\/v2\/pages\/58","targetHints":{"allow":["GET"]}}],"collection":[{"href":"https:\/\/www.girocollo-cashmere.it\/index.php\/wp-json\/wp\/v2\/pages"}],"about":[{"href":"https:\/\/www.girocollo-cashmere.it\/index.php\/wp-json\/wp\/v2\/types\/page"}],"author":[{"embeddable":true,"href":"https:\/\/www.girocollo-cashmere.it\/index.php\/wp-json\/wp\/v2\/users\/1"}],"replies":[{"embeddable":true,"href":"https:\/\/www.girocollo-cashmere.it\/index.php\/wp-json\/wp\/v2\/comments?post=58"}],"version-history":[{"count":7,"href":"https:\/\/www.girocollo-cashmere.it\/index.php\/wp-json\/wp\/v2\/pages\/58\/revisions"}],"predecessor-version":[{"id":249,"href":"https:\/\/www.girocollo-cashmere.it\/index.php\/wp-json\/wp\/v2\/pages\/58\/revisions\/249"}],"wp:attachment":[{"href":"https:\/\/www.girocollo-cashmere.it\/index.php\/wp-json\/wp\/v2\/media?parent=58"}],"curies":[{"name":"wp","href":"https:\/\/api.w.org\/{rel}","templated":true}]}}